{"id":837,"date":"2023-10-25T09:25:47","date_gmt":"2023-10-25T09:25:47","guid":{"rendered":"http:\/\/ricom-web7.com\/ccsb\/?page_id=837"},"modified":"2024-02-19T11:20:53","modified_gmt":"2024-02-19T11:20:53","slug":"les-actualites-de-la-communaute-de-communes-saone-beaujolais","status":"publish","type":"page","link":"https:\/\/ricom-collectivites3.com\/ccsb\/?page_id=837","title":{"rendered":"Les actualit\u00e9s de la communaut\u00e9 de communes Sa\u00f4ne Beaujolais"},"content":{"rendered":"<p>[et_pb_section fb_built=\u00a0\u00bb1&Prime; module_class=\u00a0\u00bbfd_raye\u00a0\u00bb _builder_version=\u00a0\u00bb4.24.0&Prime; _module_preset=\u00a0\u00bbdefault\u00a0\u00bb background_enable_color=\u00a0\u00bboff\u00a0\u00bb background_enable_image=\u00a0\u00bboff\u00a0\u00bb custom_padding=\u00a0\u00bb40px||0px|||\u00a0\u00bb locked=\u00a0\u00bboff\u00a0\u00bb global_colors_info=\u00a0\u00bb{}\u00a0\u00bb][et_pb_row _builder_version=\u00a0\u00bb4.20.4&Prime; _module_preset=\u00a0\u00bbdefault\u00a0\u00bb background_color=\u00a0\u00bb#FFFFFF\u00a0\u00bb width=\u00a0\u00bb100%\u00a0\u00bb max_width=\u00a0\u00bb1150px\u00a0\u00bb module_alignment=\u00a0\u00bbcenter\u00a0\u00bb custom_padding=\u00a0\u00bb23px|25px|0px|25px|false|true\u00a0\u00bb global_colors_info=\u00a0\u00bb{}\u00a0\u00bb][et_pb_column type=\u00a0\u00bb4_4&Prime; _builder_version=\u00a0\u00bb4.20.4&Prime; _module_preset=\u00a0\u00bbdefault\u00a0\u00bb global_colors_info=\u00a0\u00bb{}\u00a0\u00bb][et_pb_post_title _builder_version=\u00a0\u00bb4.20.4&Prime; _module_preset=\u00a0\u00bbdefault\u00a0\u00bb global_colors_info=\u00a0\u00bb{}\u00a0\u00bb][\/et_pb_post_title][\/et_pb_column][\/et_pb_row][\/et_pb_section][et_pb_section fb_built=\u00a0\u00bb1&Prime; _builder_version=\u00a0\u00bb4.20.4&Prime; _module_preset=\u00a0\u00bbdefault\u00a0\u00bb custom_padding=\u00a0\u00bb28px|||||\u00a0\u00bb global_colors_info=\u00a0\u00bb{}\u00a0\u00bb][et_pb_row _builder_version=\u00a0\u00bb4.20.4&Prime; _module_preset=\u00a0\u00bbdefault\u00a0\u00bb width=\u00a0\u00bb100%\u00a0\u00bb max_width=\u00a0\u00bb1100px\u00a0\u00bb custom_padding=\u00a0\u00bb0px|||||\u00a0\u00bb global_colors_info=\u00a0\u00bb{}\u00a0\u00bb][et_pb_column type=\u00a0\u00bb4_4&Prime; _builder_version=\u00a0\u00bb4.20.4&Prime; _module_preset=\u00a0\u00bbdefault\u00a0\u00bb global_colors_info=\u00a0\u00bb{}\u00a0\u00bb][et_pb_code _builder_version=\u00a0\u00bb4.24.0&Prime; _module_preset=\u00a0\u00bbdefault\u00a0\u00bb hover_enabled=\u00a0\u00bb0&Prime; global_colors_info=\u00a0\u00bb{}\u00a0\u00bb sticky_enabled=\u00a0\u00bb0&Prime;]<div class=\"bloc_recherche liste\"><div><label class=\"visuallyhidden\"><strong>Filtrer par mot-cl\u00e9<\/strong><\/label><div class=\"facetwp-facet facetwp-facet-recherche_par_mot_cle facetwp-type-search\" data-name=\"recherche_par_mot_cle\" data-type=\"search\"><\/div><\/div><div><label class=\"visuallyhidden\"><strong>Filtrer par cat\u00e9gorie<\/strong><\/label><div class=\"facetwp-facet facetwp-facet-categories facetwp-type-dropdown\" data-name=\"categories\" data-type=\"dropdown\"><\/div><\/div><div class=\"validation\"><button onclick=\"FWP.refresh()\">filtrer<\/button><div class=\"facetwp-facet facetwp-facet-rinitialiser facetwp-type-reset\" data-name=\"rinitialiser\" data-type=\"reset\"><\/div><\/div><\/div><div class=\"post-thumbnails-container facetwp-template\"><div class=\"actu_sec\"><div class=\"bloc maskart1\"><a href=\"https:\/\/ricom-collectivites3.com\/ccsb\/?p=5014\" aria-disabled=\"true\"><img decoding=\"async\" class=\"test\" src=\"https:\/\/ricom-collectivites3.com\/ccsb\/wp-content\/uploads\/2024\/02\/2-PN24-_-300X400-_-COLLECTIVITES-450x395.jpg\" alt=\"\" role=\"presentation\"><\/a><\/div><div class=\"tt_actu_sec\"><h2><a href=\"https:\/\/ricom-collectivites3.com\/ccsb\/?p=5014\">Paris-Nice<\/a><\/h2><p><p>Le Beaujolais accueille \u00e0 nouveau une course cycliste internationale : arriv\u00e9e au sommet du Mont-Brouilly le mercredi 6 mars 2024 ! Le Beaujolais, terre de cyclisme ! Apr\u00e8s une arriv\u00e9e du Tour de France \u00e0 Belleville-en-Beaujolais en 2023, cette ann\u00e9e les coureurs de Paris-Nice s\u2019\u00e9lanceront de Chalon-sur-Sa\u00f4ne avant de se trouver au pied des vignes, [&hellip;]<\/p>\n<\/p><\/div><\/div><div class=\"actu_sec\"><div class=\"bloc maskart2\"><a href=\"https:\/\/ricom-collectivites3.com\/ccsb\/?p=4706\" aria-disabled=\"true\"><img decoding=\"async\" class=\"test\" src=\"https:\/\/ricom-collectivites3.com\/ccsb\/wp-content\/uploads\/2024\/01\/BAFA-450x300.jpeg\" alt=\"\" role=\"presentation\"><\/a><\/div><div class=\"tt_actu_sec\"><h2><a href=\"https:\/\/ricom-collectivites3.com\/ccsb\/?p=4706\">Cet \u00e9t\u00e9, je passe mon BAFA !<\/a><\/h2><p>La session BAFA 2024 est ouverte. Vivez l\u2019exp\u00e9rience BAFA et devenez animateur(trice) !\r\n\r\n<\/p><\/div><\/div><div class=\"actu_sec\"><div class=\"bloc maskart3\"><a href=\"https:\/\/ricom-collectivites3.com\/ccsb\/?p=88\" aria-disabled=\"true\"><img decoding=\"async\" class=\"test\" src=\"https:\/\/ricom-collectivites3.com\/ccsb\/wp-content\/uploads\/2024\/01\/AdobeStock_630050177-450x252.jpeg\" alt=\"\" role=\"presentation\"><\/a><\/div><div class=\"tt_actu_sec\"><h2><a href=\"https:\/\/ricom-collectivites3.com\/ccsb\/?p=88\">Le tri toujours plus simple !<\/a><\/h2><p>Le meilleur d\u00e9chet n'est-il pas celui que l'on ne produit pas ? Pour les autres, on vous dit tout !<\/p><\/div><\/div><div class=\"actu_sec\"><div class=\"bloc maskart4\"><a href=\"https:\/\/ricom-collectivites3.com\/ccsb\/?p=36\" aria-disabled=\"true\"><img decoding=\"async\" class=\"test\" src=\"https:\/\/ricom-collectivites3.com\/ccsb\/wp-content\/uploads\/2024\/01\/TdJ-2024-450x296.png\" alt=\"\" role=\"presentation\"><\/a><\/div><div class=\"tt_actu_sec\"><h2><a href=\"https:\/\/ricom-collectivites3.com\/ccsb\/?p=36\">La CCSB, labellis\u00e9e Terre de Jeux 2024, vous lance un d\u00e9fi !<\/a><\/h2><p>La CCSB, labellis\u00e9e Terre de Jeux 2024, s'engage \u00e0 mettre plus de sport dans le quotidien de ses habitants avant les Jeux Olympiques.<\/p><\/div><\/div><div class=\"actu_sec\"><div class=\"bloc maskart5\"><a href=\"https:\/\/ricom-collectivites3.com\/ccsb\/?p=34\" aria-disabled=\"true\"><img decoding=\"async\" class=\"test\" src=\"https:\/\/ricom-collectivites3.com\/ccsb\/wp-content\/uploads\/2023\/12\/urba-vertueux-450x338.jpg\" alt=\"\" role=\"presentation\"><\/a><\/div><div class=\"tt_actu_sec\"><h2><a href=\"https:\/\/ricom-collectivites3.com\/ccsb\/?p=34\">Enqu\u00eate publique sur la modification n\u00b02 du PLU de Saint-Georges-de-Reneins<\/a><\/h2><p>Une enqu\u00eate publique aura lieu du 12 f\u00e9vrier au 13 mars 2024 portant sur la modification n\u00b02 du PLU de Saint-Georges-de-Reneins.<\/p><\/div><\/div><div class=\"actu_sec\"><\/div><\/div>[\/et_pb_code][\/et_pb_column][\/et_pb_row][\/et_pb_section]<\/p>\n","protected":false},"excerpt":{"rendered":"","protected":false},"author":1,"featured_media":0,"parent":0,"menu_order":0,"comment_status":"closed","ping_status":"closed","template":"","meta":{"_acf_changed":false,"_et_pb_use_builder":"on","_et_pb_old_content":"","_et_gb_content_width":"","_relevanssi_hide_post":"","_relevanssi_hide_content":"","_relevanssi_pin_for_all":"","_relevanssi_pin_keywords":"","_relevanssi_unpin_keywords":"","_relevanssi_related_keywords":"","_relevanssi_related_include_ids":"","_relevanssi_related_exclude_ids":"","_relevanssi_related_no_append":"","_relevanssi_related_not_related":"","_relevanssi_related_posts":"","_relevanssi_noindex_reason":"","footnotes":""},"class_list":["post-837","page","type-page","status-publish","hentry"],"acf":[],"_links":{"self":[{"href":"https:\/\/ricom-collectivites3.com\/ccsb\/index.php?rest_route=\/wp\/v2\/pages\/837","targetHints":{"allow":["GET"]}}],"collection":[{"href":"https:\/\/ricom-collectivites3.com\/ccsb\/index.php?rest_route=\/wp\/v2\/pages"}],"about":[{"href":"https:\/\/ricom-collectivites3.com\/ccsb\/index.php?rest_route=\/wp\/v2\/types\/page"}],"author":[{"embeddable":true,"href":"https:\/\/ricom-collectivites3.com\/ccsb\/index.php?rest_route=\/wp\/v2\/users\/1"}],"replies":[{"embeddable":true,"href":"https:\/\/ricom-collectivites3.com\/ccsb\/index.php?rest_route=%2Fwp%2Fv2%2Fcomments&post=837"}],"version-history":[{"count":8,"href":"https:\/\/ricom-collectivites3.com\/ccsb\/index.php?rest_route=\/wp\/v2\/pages\/837\/revisions"}],"predecessor-version":[{"id":4729,"href":"https:\/\/ricom-collectivites3.com\/ccsb\/index.php?rest_route=\/wp\/v2\/pages\/837\/revisions\/4729"}],"wp:attachment":[{"href":"https:\/\/ricom-collectivites3.com\/ccsb\/index.php?rest_route=%2Fwp%2Fv2%2Fmedia&parent=837"}],"curies":[{"name":"wp","href":"https:\/\/api.w.org\/{rel}","templated":true}]}}