{"id":781,"date":"2023-10-24T13:21:40","date_gmt":"2023-10-24T13:21:40","guid":{"rendered":"http:\/\/ricom-web7.com\/ccsb\/?page_id=781"},"modified":"2023-10-25T07:15:52","modified_gmt":"2023-10-25T07:15:52","slug":"gestion-des-rivieres-2","status":"publish","type":"page","link":"https:\/\/ricom-collectivites3.com\/ccsb\/?page_id=781","title":{"rendered":"Gestion des rivi\u00e8res v2"},"content":{"rendered":"<p>[et_pb_section fb_built=\u00a0\u00bb1&Prime; _builder_version=\u00a0\u00bb4.20.4&Prime; _module_preset=\u00a0\u00bbdefault\u00a0\u00bb background_color=\u00a0\u00bb#FFFFFF\u00a0\u00bb custom_padding=\u00a0\u00bb0px||0px|||\u00a0\u00bb hover_enabled=\u00a0\u00bb0&Prime; global_colors_info=\u00a0\u00bb{}\u00a0\u00bb sticky_enabled=\u00a0\u00bb0&Prime; background_enable_image=\u00a0\u00bboff\u00a0\u00bb][et_pb_row _builder_version=\u00a0\u00bb4.20.4&Prime; _module_preset=\u00a0\u00bbdefault\u00a0\u00bb max_width=\u00a0\u00bb1100px\u00a0\u00bb module_alignment=\u00a0\u00bbcenter\u00a0\u00bb custom_padding=\u00a0\u00bb23px||0px|||\u00a0\u00bb global_colors_info=\u00a0\u00bb{}\u00a0\u00bb][et_pb_column type=\u00a0\u00bb4_4&Prime; _builder_version=\u00a0\u00bb4.20.4&Prime; _module_preset=\u00a0\u00bbdefault\u00a0\u00bb global_colors_info=\u00a0\u00bb{}\u00a0\u00bb][et_pb_post_title _builder_version=\u00a0\u00bb4.20.4&Prime; _module_preset=\u00a0\u00bbdefault\u00a0\u00bb global_colors_info=\u00a0\u00bb{}\u00a0\u00bb][\/et_pb_post_title][\/et_pb_column][\/et_pb_row][\/et_pb_section][et_pb_section fb_built=\u00a0\u00bb1&Prime; _builder_version=\u00a0\u00bb4.20.4&Prime; _module_preset=\u00a0\u00bbdefault\u00a0\u00bb custom_padding=\u00a0\u00bb0px|||||\u00a0\u00bb global_colors_info=\u00a0\u00bb{}\u00a0\u00bb][et_pb_row column_structure=\u00a0\u00bb2_3,1_3&Prime; use_custom_gutter=\u00a0\u00bbon\u00a0\u00bb gutter_width=\u00a0\u00bb2&Prime; _builder_version=\u00a0\u00bb4.20.4&Prime; _module_preset=\u00a0\u00bbdefault\u00a0\u00bb width=\u00a0\u00bb100%\u00a0\u00bb max_width=\u00a0\u00bb1100px\u00a0\u00bb global_colors_info=\u00a0\u00bb{}\u00a0\u00bb][et_pb_column type=\u00a0\u00bb2_3&Prime; _builder_version=\u00a0\u00bb4.20.4&Prime; _module_preset=\u00a0\u00bbdefault\u00a0\u00bb global_colors_info=\u00a0\u00bb{}\u00a0\u00bb][et_pb_image src=\u00a0\u00bbhttps:\/\/ricom-collectivites3.com\/ccsb\/wp-content\/uploads\/2023\/10\/gestion-des-rivieres-2.jpg\u00a0\u00bb title_text=\u00a0\u00bbgestion des rivieres 2&Prime; _builder_version=\u00a0\u00bb4.20.4&Prime; _module_preset=\u00a0\u00bbdefault\u00a0\u00bb global_colors_info=\u00a0\u00bb{}\u00a0\u00bb][\/et_pb_image][et_pb_text _builder_version=\u00a0\u00bb4.20.4&Prime; _module_preset=\u00a0\u00bbdefault\u00a0\u00bb locked=\u00a0\u00bboff\u00a0\u00bb global_colors_info=\u00a0\u00bb{}\u00a0\u00bb]<\/p>\n<h2>La comp\u00e9tence \u00e9rosion<\/h2>\n<blockquote>\n<p>La communaut\u00e9 de commune Sa\u00f4ne-Beaujolais \u00e0 la comp\u00e9tence \u00e9rosion sur l&rsquo;ensemble de son territoire. Elle intervient sur des probl\u00e9matiques de lutte contre l&rsquo;\u00e9rosion des terres lorsque l&rsquo;\u00e9tude, l&rsquo;ex\u00e9cution et l&rsquo;exploitation de tous travaux, actions, ouvrages ou installations pr\u00e9sentant un caract\u00e8re d&rsquo;int\u00e9r\u00eat g\u00e9n\u00e9ral ou d&rsquo;urgence.<\/p>\n<\/blockquote>\n<ul>\n<li>Le syndicat des rivi\u00e8res du Beaujolais (SMRB) a pour comp\u00e9tences <a href=\"https:\/\/www.rivieresdubeaujolais.fr\">www.rivieresdubeaujolais.fr<\/a><\/li>\n<\/ul>\n<p>la gestion du contrat de rivi\u00e8res du Beaujolais sur 28 communes de la CCSB,<\/p>\n<ul>\n<li>Le syndicat mixte des rivi\u00e8res du Sornins et de ses Affluents (SYMISOA) <a href=\"https:\/\/www.symisoa.fr\">www.symisoa.fr<\/a><\/li>\n<\/ul>\n<p>la gestion du contrat de rivi\u00e8res du Sornins sur 6 communes de la CCSB,<br \/>L\u2019\u00c9tablissement Public Territorial du bassin Sa\u00f4ne Doubs (EPTB) sur 9 communes de la CCSB, <a href=\"http:\/\/www.eptb-saone-doubs.fr\">www.eptb-saone-doubs.fr<\/a><\/p>\n<ul>\n<li>la gestion du contrat de rivi\u00e8res Grosne<\/li>\n<li>la gestion du contrat de rivi\u00e8re du Ma\u00e7onnais<\/li>\n<\/ul>\n<p>Les autres ouvrages sont de la comp\u00e9tence de la Communaut\u00e9 de Commune Sa\u00f4ne-Beaujolais.<\/p>\n<h3>Travail en collaboration avec l&rsquo;association Rh\u00f4ne Insertion Environnement plus commun\u00e9ment appel\u00e9e les brigades vertes ou de rivi\u00e8re.<\/h3>\n<p>Les brigades vertes ou de rivi\u00e8res, cr\u00e9\u00e9es \u00e0 l&rsquo;initiative du D\u00e9partement du Rh\u00f4ne en 1992, allient l&rsquo;insertion sociale et professionnelle d&rsquo;allocataires du RSA et l&rsquo;am\u00e9lioration de l&rsquo;environnement.<\/p>\n<p>Elles assurent la prise en charge de besoins locaux d&rsquo;entretien de l&rsquo;espaces (sites naturels, sentiers, berges de rivi\u00e8res, lutte contre l&rsquo;ambroisie, balisage de sentiers de randonn\u00e9e, restauration de petit patrimoine b\u00e2ti, entretien d&rsquo;espaces verts, forestage&#8230;) au service des communes ou des Communaut\u00e9s de communes.<\/p>\n<p>Sur notre territoire, les brigades de rivi\u00e8re interviennent principalement sur les op\u00e9rations de g\u00e9nie v\u00e9g\u00e9tal en collaboration avec l&rsquo;entreprise retenue pour les travaux.<\/p>\n<p>Elles sont intervenues notamment sur les chantiers r\u00e9alis\u00e9s sur les communes de Corcelles en Beaujolais, R\u00e9gni\u00e9 Durette et Sainte Etienne la Varenne.<\/p>\n<p>&nbsp;<\/p>\n<p>[\/et_pb_text][et_pb_image src=\u00a0\u00bbhttps:\/\/ricom-collectivites3.com\/ccsb\/wp-content\/uploads\/2023\/10\/gestion-des-rivieres-1.jpg\u00a0\u00bb title_text=\u00a0\u00bbgestion des rivieres 1&Prime; _builder_version=\u00a0\u00bb4.20.4&Prime; _module_preset=\u00a0\u00bbdefault\u00a0\u00bb global_colors_info=\u00a0\u00bb{}\u00a0\u00bb][\/et_pb_image][\/et_pb_column][et_pb_column type=\u00a0\u00bb1_3&Prime; _builder_version=\u00a0\u00bb4.20.4&Prime; _module_preset=\u00a0\u00bbdefault\u00a0\u00bb global_colors_info=\u00a0\u00bb{}\u00a0\u00bb][et_pb_text module_class=\u00a0\u00bbtelechargement\u00a0\u00bb _builder_version=\u00a0\u00bb4.20.4&Prime; _module_preset=\u00a0\u00bbdefault\u00a0\u00bb background_enable_color=\u00a0\u00bboff\u00a0\u00bb background_enable_image=\u00a0\u00bboff\u00a0\u00bb background_size=\u00a0\u00bbinitial\u00a0\u00bb background_position=\u00a0\u00bbtop_left\u00a0\u00bb custom_padding=\u00a0\u00bb0px|20px|20px|20px|false|true\u00a0\u00bb global_colors_info=\u00a0\u00bb{}\u00a0\u00bb]<span class=\"tt_tel\">Documents<br \/>\n<strong>\u00e0 t\u00e9l\u00e9charger<\/strong><\/span><\/p>\n<ul>\n<li><a href=\"#\">Au fil de l&rsquo;eau -Sornin Jarnossin n1.pdf<\/a><\/li>\n<li><a href=\"#\">Carte gestion des rivi\u00e8res.pdf<\/a><\/li>\n<\/ul>\n<p>[\/et_pb_text][et_pb_code module_id=\u00a0\u00bbcol_actus\u00a0\u00bb _builder_version=\u00a0\u00bb4.20.4&Prime; _module_preset=\u00a0\u00bbdefault\u00a0\u00bb background_enable_color=\u00a0\u00bboff\u00a0\u00bb custom_padding=\u00a0\u00bb|10px||10px|false|true\u00a0\u00bb border_width_all=\u00a0\u00bb1px\u00a0\u00bb border_style_all=\u00a0\u00bbdotted\u00a0\u00bb global_colors_info=\u00a0\u00bb{%22gcid-27819e4e-90b9-435c-8c59-91cf92226221%22:%91%22background_color%22%93}\u00a0\u00bb locked=\u00a0\u00bboff\u00a0\u00bb]<\/p>\n<h3><!-- [et_pb_line_break_holder] -->  Sur le<!\u2013- [et_pb_br_holder] -\u2013><strong>m\u00eame sujet<\/strong><!-- [et_pb_line_break_holder] --><\/h3>\n<p><!-- [et_pb_line_break_holder] --><div class=\"post-thumbnails-container facetwp-template\"><div class=\"actu_sec\"><div class=\"bloc maskart1\"><a href=\"https:\/\/ricom-collectivites3.com\/ccsb\/?p=4706\" aria-disabled=\"true\"><img decoding=\"async\" class=\"test\" src=\"https:\/\/ricom-collectivites3.com\/ccsb\/wp-content\/uploads\/2024\/01\/BAFA-450x300.jpeg\" alt=\"\" role=\"presentation\"><\/a><\/div><div class=\"tt_actu_sec\"><h4><a href=\"https:\/\/ricom-collectivites3.com\/ccsb\/?p=4706\">Cet \u00e9t\u00e9, je passe mon BAFA !<\/a><\/h4><\/div><\/div><div class=\"actu_sec\"><div class=\"bloc maskart2\"><a href=\"https:\/\/ricom-collectivites3.com\/ccsb\/?p=88\" aria-disabled=\"true\"><img decoding=\"async\" class=\"test\" src=\"https:\/\/ricom-collectivites3.com\/ccsb\/wp-content\/uploads\/2024\/01\/AdobeStock_630050177-450x252.jpeg\" alt=\"\" role=\"presentation\"><\/a><\/div><div class=\"tt_actu_sec\"><h4><a href=\"https:\/\/ricom-collectivites3.com\/ccsb\/?p=88\">Le tri toujours plus simple !<\/a><\/h4><\/div><\/div><div class=\"actu_sec\"><div class=\"bloc maskart3\"><a href=\"https:\/\/ricom-collectivites3.com\/ccsb\/?p=36\" aria-disabled=\"true\"><img decoding=\"async\" class=\"test\" src=\"https:\/\/ricom-collectivites3.com\/ccsb\/wp-content\/uploads\/2024\/01\/TdJ-2024-450x296.png\" alt=\"\" role=\"presentation\"><\/a><\/div><div class=\"tt_actu_sec\"><h4><a href=\"https:\/\/ricom-collectivites3.com\/ccsb\/?p=36\">La CCSB, labellis\u00e9e Terre de Jeux 2024, vous lance un d\u00e9fi !<\/a><\/h4><\/div><\/div><div class=\"actu_sec\"><div class=\"bloc maskart4\"><a href=\"https:\/\/ricom-collectivites3.com\/ccsb\/?p=34\" aria-disabled=\"true\"><img decoding=\"async\" class=\"test\" src=\"https:\/\/ricom-collectivites3.com\/ccsb\/wp-content\/uploads\/2023\/12\/urba-vertueux-450x338.jpg\" alt=\"\" role=\"presentation\"><\/a><\/div><div class=\"tt_actu_sec\"><h4><a href=\"https:\/\/ricom-collectivites3.com\/ccsb\/?p=34\">Enqu\u00eate publique sur la modification n\u00b02 du PLU de Saint-Georges-de-Reneins<\/a><\/h4><\/div><\/div><div class=\"actu_sec\"><\/div><\/div>[\/et_pb_code][\/et_pb_column][\/et_pb_row][\/et_pb_section]<\/p>\n","protected":false},"excerpt":{"rendered":"<p>[et_pb_section fb_built=\u00a0\u00bb1&Prime; _builder_version=\u00a0\u00bb4.20.4&Prime; _module_preset=\u00a0\u00bbdefault\u00a0\u00bb background_color=\u00a0\u00bb#FFFFFF\u00a0\u00bb custom_padding=\u00a0\u00bb0px||0px|||\u00a0\u00bb hover_enabled=\u00a0\u00bb0&Prime; global_colors_info=\u00a0\u00bb{}\u00a0\u00bb sticky_enabled=\u00a0\u00bb0&Prime; background_enable_image=\u00a0\u00bboff\u00a0\u00bb][et_pb_row _builder_version=\u00a0\u00bb4.20.4&Prime; _module_preset=\u00a0\u00bbdefault\u00a0\u00bb max_width=\u00a0\u00bb1100px\u00a0\u00bb module_alignment=\u00a0\u00bbcenter\u00a0\u00bb custom_padding=\u00a0\u00bb23px||0px|||\u00a0\u00bb global_colors_info=\u00a0\u00bb{}\u00a0\u00bb][et_pb_column type=\u00a0\u00bb4_4&Prime; _builder_version=\u00a0\u00bb4.20.4&Prime; _module_preset=\u00a0\u00bbdefault\u00a0\u00bb global_colors_info=\u00a0\u00bb{}\u00a0\u00bb][et_pb_post_title _builder_version=\u00a0\u00bb4.20.4&Prime; _module_preset=\u00a0\u00bbdefault\u00a0\u00bb global_colors_info=\u00a0\u00bb{}\u00a0\u00bb][\/et_pb_post_title][\/et_pb_column][\/et_pb_row][\/et_pb_section][et_pb_section fb_built=\u00a0\u00bb1&Prime; _builder_version=\u00a0\u00bb4.20.4&Prime; _module_preset=\u00a0\u00bbdefault\u00a0\u00bb custom_padding=\u00a0\u00bb0px|||||\u00a0\u00bb global_colors_info=\u00a0\u00bb{}\u00a0\u00bb][et_pb_row column_structure=\u00a0\u00bb2_3,1_3&Prime; use_custom_gutter=\u00a0\u00bbon\u00a0\u00bb gutter_width=\u00a0\u00bb2&Prime; _builder_version=\u00a0\u00bb4.20.4&Prime; _module_preset=\u00a0\u00bbdefault\u00a0\u00bb width=\u00a0\u00bb100%\u00a0\u00bb max_width=\u00a0\u00bb1100px\u00a0\u00bb global_colors_info=\u00a0\u00bb{}\u00a0\u00bb][et_pb_column type=\u00a0\u00bb2_3&Prime; _builder_version=\u00a0\u00bb4.20.4&Prime; _module_preset=\u00a0\u00bbdefault\u00a0\u00bb global_colors_info=\u00a0\u00bb{}\u00a0\u00bb][et_pb_image src=\u00a0\u00bbhttps:\/\/ricom-collectivites3.com\/ccsb\/wp-content\/uploads\/2023\/10\/gestion-des-rivieres-2.jpg\u00a0\u00bb title_text=\u00a0\u00bbgestion des rivieres 2&Prime; _builder_version=\u00a0\u00bb4.20.4&Prime; _module_preset=\u00a0\u00bbdefault\u00a0\u00bb global_colors_info=\u00a0\u00bb{}\u00a0\u00bb][\/et_pb_image][et_pb_text _builder_version=\u00a0\u00bb4.20.4&Prime; _module_preset=\u00a0\u00bbdefault\u00a0\u00bb locked=\u00a0\u00bboff\u00a0\u00bb global_colors_info=\u00a0\u00bb{}\u00a0\u00bb] La comp\u00e9tence \u00e9rosion [&hellip;]<\/p>\n","protected":false},"author":1,"featured_media":0,"parent":285,"menu_order":0,"comment_status":"open","ping_status":"closed","template":"","meta":{"_acf_changed":false,"_et_pb_use_builder":"on","_et_pb_old_content":"","_et_gb_content_width":"","_relevanssi_hide_post":"","_relevanssi_hide_content":"","_relevanssi_pin_for_all":"","_relevanssi_pin_keywords":"","_relevanssi_unpin_keywords":"","_relevanssi_related_keywords":"","_relevanssi_related_include_ids":"","_relevanssi_related_exclude_ids":"","_relevanssi_related_no_append":"","_relevanssi_related_not_related":"","_relevanssi_related_posts":"","_relevanssi_noindex_reason":"","footnotes":""},"class_list":["post-781","page","type-page","status-publish","hentry"],"acf":[],"_links":{"self":[{"href":"https:\/\/ricom-collectivites3.com\/ccsb\/index.php?rest_route=\/wp\/v2\/pages\/781","targetHints":{"allow":["GET"]}}],"collection":[{"href":"https:\/\/ricom-collectivites3.com\/ccsb\/index.php?rest_route=\/wp\/v2\/pages"}],"about":[{"href":"https:\/\/ricom-collectivites3.com\/ccsb\/index.php?rest_route=\/wp\/v2\/types\/page"}],"author":[{"embeddable":true,"href":"https:\/\/ricom-collectivites3.com\/ccsb\/index.php?rest_route=\/wp\/v2\/users\/1"}],"replies":[{"embeddable":true,"href":"https:\/\/ricom-collectivites3.com\/ccsb\/index.php?rest_route=%2Fwp%2Fv2%2Fcomments&post=781"}],"version-history":[{"count":4,"href":"https:\/\/ricom-collectivites3.com\/ccsb\/index.php?rest_route=\/wp\/v2\/pages\/781\/revisions"}],"predecessor-version":[{"id":820,"href":"https:\/\/ricom-collectivites3.com\/ccsb\/index.php?rest_route=\/wp\/v2\/pages\/781\/revisions\/820"}],"up":[{"embeddable":true,"href":"https:\/\/ricom-collectivites3.com\/ccsb\/index.php?rest_route=\/wp\/v2\/pages\/285"}],"wp:attachment":[{"href":"https:\/\/ricom-collectivites3.com\/ccsb\/index.php?rest_route=%2Fwp%2Fv2%2Fmedia&parent=781"}],"curies":[{"name":"wp","href":"https:\/\/api.w.org\/{rel}","templated":true}]}}