{"id":489,"date":"2023-10-16T16:17:22","date_gmt":"2023-10-16T16:17:22","guid":{"rendered":"http:\/\/ricom-web7.com\/ccsb\/photovoltaique\/"},"modified":"2024-02-01T09:06:35","modified_gmt":"2024-02-01T09:06:35","slug":"projet-de-territoire","status":"publish","type":"page","link":"https:\/\/ricom-collectivites3.com\/ccsb\/?page_id=489","title":{"rendered":"Plan d&rsquo;actions"},"content":{"rendered":"<p>[et_pb_section fb_built=\u00a0\u00bb1&Prime; module_class=\u00a0\u00bbfd_raye\u00a0\u00bb _builder_version=\u00a0\u00bb4.20.4&Prime; _module_preset=\u00a0\u00bbdefault\u00a0\u00bb background_enable_color=\u00a0\u00bboff\u00a0\u00bb background_enable_image=\u00a0\u00bboff\u00a0\u00bb custom_padding=\u00a0\u00bb30px||0px||false|false\u00a0\u00bb locked=\u00a0\u00bboff\u00a0\u00bb global_colors_info=\u00a0\u00bb{}\u00a0\u00bb][et_pb_row _builder_version=\u00a0\u00bb4.20.4&Prime; _module_preset=\u00a0\u00bbdefault\u00a0\u00bb background_color=\u00a0\u00bb#FFFFFF\u00a0\u00bb width=\u00a0\u00bb100%\u00a0\u00bb max_width=\u00a0\u00bb1150px\u00a0\u00bb module_alignment=\u00a0\u00bbcenter\u00a0\u00bb custom_padding=\u00a0\u00bb23px|25px|0px|25px|false|true\u00a0\u00bb global_colors_info=\u00a0\u00bb{}\u00a0\u00bb][et_pb_column type=\u00a0\u00bb4_4&Prime; _builder_version=\u00a0\u00bb4.20.4&Prime; _module_preset=\u00a0\u00bbdefault\u00a0\u00bb global_colors_info=\u00a0\u00bb{}\u00a0\u00bb][et_pb_post_title _builder_version=\u00a0\u00bb4.20.4&Prime; _module_preset=\u00a0\u00bbdefault\u00a0\u00bb locked=\u00a0\u00bbon\u00a0\u00bb global_colors_info=\u00a0\u00bb{}\u00a0\u00bb][\/et_pb_post_title][\/et_pb_column][\/et_pb_row][\/et_pb_section][et_pb_section fb_built=\u00a0\u00bb1&Prime; _builder_version=\u00a0\u00bb4.20.4&Prime; _module_preset=\u00a0\u00bbdefault\u00a0\u00bb custom_padding=\u00a0\u00bb28px|||||\u00a0\u00bb global_colors_info=\u00a0\u00bb{}\u00a0\u00bb][et_pb_row column_structure=\u00a0\u00bb2_3,1_3&Prime; use_custom_gutter=\u00a0\u00bbon\u00a0\u00bb gutter_width=\u00a0\u00bb2&Prime; _builder_version=\u00a0\u00bb4.20.4&Prime; _module_preset=\u00a0\u00bbdefault\u00a0\u00bb width=\u00a0\u00bb100%\u00a0\u00bb max_width=\u00a0\u00bb1100px\u00a0\u00bb custom_padding=\u00a0\u00bb0px|||||\u00a0\u00bb global_colors_info=\u00a0\u00bb{}\u00a0\u00bb][et_pb_column type=\u00a0\u00bb2_3&Prime; _builder_version=\u00a0\u00bb4.20.4&Prime; _module_preset=\u00a0\u00bbdefault\u00a0\u00bb global_colors_info=\u00a0\u00bb{}\u00a0\u00bb][et_pb_text admin_label=\u00a0\u00bbCorps de texte\u00a0\u00bb _builder_version=\u00a0\u00bb4.23.1&Prime; _module_preset=\u00a0\u00bbdefault\u00a0\u00bb locked=\u00a0\u00bboff\u00a0\u00bb global_colors_info=\u00a0\u00bb{}\u00a0\u00bb]<\/p>\n<blockquote>\n<p>&nbsp;<\/p>\n<p>La politique d\u00e9veloppement durable climat-air-\u00e9nergie de la CCSB, c\u2019est une strat\u00e9gie climat-air \u00e0 \u00e9nergie positive volontaire et ambitieuse (-27% de consommations \u00e9nerg\u00e9tiques, -39% d\u2019\u00e9mission de gaz \u00e0 effet, multiplication par 4 de la production d\u2019\u00e9nergie d\u2019origine renouvelable d\u2019ici 2030) autour de deux documents programmatiques : le Territoire \u00e0 Energie Positive (TEPos) et le Plan Climat-Air-Energie Territorial (PCAET). La CCSB s\u2019est \u00e9galement engag\u00e9e dans le label Territoire Engag\u00e9 Transition Ecologique (TETE).<\/p>\n<\/blockquote>\n<h2>TEPos \u2013 PCAET<\/h2>\n<h3>La d\u00e9marche Territoire \u00e0 Energie Positive (TEPos)<\/h3>\n<p>Un Territoire \u00e0 Energie Positive est un territoire qui vise l&rsquo;objectif de r\u00e9duire ses besoins d\u2019\u00e9nergie au maximum, par la sobri\u00e9t\u00e9 et l&rsquo;efficacit\u00e9 \u00e9nerg\u00e9tiques, et de couvrir les besoins d\u2019\u00e9lectricit\u00e9, de chaleur et de mobilit\u00e9 par les \u00e9nergies renouvelables locales. Pour devenir un TEPos \u00e0 l\u2019horizon 2050, ce sont des actions massives et ambitieuses qui doivent \u00eatre men\u00e9es \u00e0 l\u2019\u00e9chelle du territoire par l\u2019ensemble des acteurs pour r\u00e9ussir \u00e0 diviser par deux les consommations d\u2019\u00e9nergie et \u00e0 multiplier par huit la production d\u2019\u00e9nergies renouvelables.<\/p>\n<p>Men\u00e9e localement, elle permet de r\u00e9duire la facture \u00e9nerg\u00e9tique des collectivit\u00e9s et des habitants.<\/p>\n<p>Elle favorise le d\u00e9veloppement \u00e9conomique et la cr\u00e9ation d\u2019emplois dans la production d\u2019\u00e9nergie locale et la ma\u00eetrise de l\u2019\u00e9nergie. La CCSB a \u00e9t\u00e9 soutenue financi\u00e8rement par l\u2019ADEME et la R\u00e9gion Auvergne-Rh\u00f4ne-Alpes de 2015 \u00e0 2021 pour mettre en \u0153uvre sa strat\u00e9gie TEPos.<\/p>\n<p>Les \u00e9tudes men\u00e9es ont permis de montrer que la CCSB disposait des ressources pour devenir un Territoire \u00e0 Energie Positive. Des actions de maitrise de l\u2019\u00e9nergie et de d\u00e9veloppement des \u00e9nergies renouvelables sont actuellement en cours pour atteindre cet objectif.<\/p>\n<h2>Comment devient-on TEPos\u00a0?<\/h2>\n<h3>En d\u00e9ployant des actions de sobri\u00e9t\u00e9 et d\u2019efficacit\u00e9 \u00e9nerg\u00e9tique<\/h3>\n<p>La <strong>sobri\u00e9t\u00e9 \u00e9nerg\u00e9tique<\/strong> consiste \u00e0 consommer moins d\u2019\u00e9nergie en \u00e9tant vigilant \u00e0 ses consommations (\u00e9teindre les lumi\u00e8res, baisser la temp\u00e9rature de chauffe, couper les appareils en veille, covoiturer, mettre en place un p\u00e9dibus, etc.)<\/p>\n<p>L\u2019<strong>efficacit\u00e9 \u00e9nerg\u00e9tique<\/strong> consiste \u00e0 limiter de toutes les fa\u00e7ons possibles les besoins \u00e9nerg\u00e9tiques des b\u00e2timents, des usines, des produits. La r\u00e9novation \u00e9nerg\u00e9tique des b\u00e2timents est incontournable pour r\u00e9duire les consommations d\u2019\u00e9nergie dans le r\u00e9sidentiel.<\/p>\n<h3>En d\u00e9veloppant les \u00e9nergies renouvelables<\/h3>\n<p>Pour atteindre les objectifs fix\u00e9s toutes les \u00e9nergies renouvelables sont amen\u00e9es \u00e0 se d\u00e9velopper\u00a0: le bois-\u00e9nergie, la m\u00e9thanisation, le solaire thermique et photovolta\u00efque, la g\u00e9othermie&#8230; Chacun sera amen\u00e9 \u00e0 participer \u00e0 ce d\u00e9veloppement.<\/p>\n<h3>En mobilisant l\u2019ensemble des secteurs du territoire\u00a0<\/h3>\n<p>Citoyens, entreprises, monde agricole et viticole, collectivit\u00e9s, Etats, Europe, ont un r\u00f4le \u00e0 jouer dans cette <strong>transition \u00e9nerg\u00e9tique<\/strong>.<\/p>\n<h2>Le Plan Climat-Air-Energie Territorial (PCAET)<\/h2>\n<p>Le Plan Climat-Air-Energie Territorial (PCAET) est une r\u00e9ponse locale aux enjeux globaux du changement climatique. Il a pour enjeu d\u2019anticiper la fracture \u00e9nerg\u00e9tique et d\u2019enclencher un changement de mod\u00e8le \u00e9conomique et soci\u00e9tal permettant globalement de pr\u00e9server les ressources. Il a aussi pour objectif d\u2019anticiper les effets de l\u2019\u00e9volution du climat et de s\u2019en pr\u00e9munir. Tous les domaines de la vie quotidienne sont concern\u00e9s\u00a0: la mobilit\u00e9, l\u2019habitat, les d\u00e9chets, l\u2019urbanisme, les activit\u00e9s agricoles et les activit\u00e9s industrielles.<\/p>\n<p>Conform\u00e9ment \u00e0 la loi de transition \u00e9nerg\u00e9tique pour la croissance verte du 17 ao\u00fbt 2015, le conseil communautaire de la CCSB a d\u00e9cid\u00e9 le 7 juin 2018 d\u2019\u00e9laborer un Plan Climat-Air-Energie Territorial (PCAET) afin d\u2019att\u00e9nuer le changement climatique et de s\u2019adapter \u00e0 ses effets. Apr\u00e8s avoir r\u00e9uni largement, entre 2016 et 2018, de nombreux acteurs du territoire pour coconstruire une strat\u00e9gie et un plan d\u2019actions pour r\u00e9pondre aux enjeux identifi\u00e9s dans le diagnostic, le PCAET a \u00e9t\u00e9 soumis aux avis de l&rsquo;Etat et de l&rsquo;Autorit\u00e9 Environnementale puis \u00e0 la consultation du public en novembre 2019. Le PCAET a \u00e9t\u00e9 d\u00e9finitivement adopt\u00e9 en d\u00e9cembre 2019. Il est d\u00e9sormais en phase de mise en \u0153uvre avec pr\u00e8s de 80 fiche-actions. Le PCAET devra ensuite \u00eatre \u00e9valu\u00e9 \u00e0 mi-parcours et mis \u00e0 jour en 2025.<\/p>\n<h3>Chiffres cl\u00e9s (2015)\u00a0:<\/h3>\n<ul>\n<li>321 000 tonnes de eq. CO2 ont \u00e9t\u00e9 \u00e9mises, principalement dues au transport et au b\u00e2ti ;<\/li>\n<li>1340 GWh sont consomm\u00e9s chaque ann\u00e9e, soit une facture \u00e9nerg\u00e9tique du territoire s\u2019\u00e9levant \u00e0 130 millions d\u2019euros ;<\/li>\n<li>103 GWh de production d\u2019\u00e9nergie renouvelable, principalement du bois-\u00e9nergie, couvrant 4% des consommations.<\/li>\n<\/ul>\n<p>Le plan d\u2019actions comprend <strong>7 grands axes strat\u00e9giques<\/strong> r\u00e9partis en fiche-actions \u00e0 mettre en \u0153uvre par les diff\u00e9rents acteurs du territoire (collectivit\u00e9s, entreprises, associatifs, consulaires, etc.) :<\/p>\n<p style=\"padding-left: 40px\">AXE 1 : Gouvernance, planification et exemplarit\u00e9 de la collectivit\u00e9<\/p>\n<p style=\"padding-left: 40px\">AXE 2 : Am\u00e9lioration de la performance \u00e9nerg\u00e9tique des b\u00e2timents publics et r\u00e9sidentiels<\/p>\n<p style=\"padding-left: 40px\">AXE 3 : D\u00e9velopper les \u00e9nergies renouvelables<\/p>\n<p style=\"padding-left: 40px\">AXE 4 : R\u00e9duire les consommations \u00e9nerg\u00e9tiques et les \u00e9missions de gaz-\u00e0-effet de serre induites par le transport<\/p>\n<p style=\"padding-left: 40px\">AXE 5 : Accompagner les industries et les acteurs \u00e9conomiques dans la transition \u00e9cologique<\/p>\n<p style=\"padding-left: 40px\">AXE 6 : D\u00e9velopper la pr\u00e9vention et le recyclage des d\u00e9chets<\/p>\n<p style=\"padding-left: 40px\">AXE 7 : Adapter le territoire aux effets du changement climatique<\/p>\n<h2>Territoire Engag\u00e9 Transition Ecologique<\/h2>\n<p>La CCSB s\u2019est engag\u00e9e dans la d\u00e9marche Territoire Engag\u00e9 Transition Ecologique \u2013 Label Climat-Air-Energie. Territoire Engag\u00e9 Transition \u00c9cologique est un programme permettant \u00e0 la collectivit\u00e9 de structurer sa politique de transition \u00e9cologique et son projet de territoire.<\/p>\n<p>Ce label est la d\u00e9clinaison fran\u00e7aise du dispositif europ\u00e9en d\u00e9nomm\u00e9 \u00ab European Energy Award \u00bb, qui compte \u00e0 ce jour plus de 1200 collectivit\u00e9s participantes, dont 226 au niveau national. Ce dispositif s\u2019adresse aux collectivit\u00e9s qui souhaitent faire reconna\u00eetre la qualit\u00e9 de leur politique climat-air- \u00e9nergie et s\u2019engager dans une d\u00e9marche d\u2019am\u00e9lioration continue.<\/p>\n<h3>La labellisation prend en compte les 6 domaines d\u2019actions suivants :<\/h3>\n<ol>\n<li>Planification ;<\/li>\n<li>Patrimoine de la collectivit\u00e9 ;<\/li>\n<li>Approvisionnement en \u00e9nergie, eau, assainissement ;<\/li>\n<li>Mobilit\u00e9 alternative ;<\/li>\n<li>Organisation interne, gouvernance ;<\/li>\n<li>Communication et coop\u00e9rations.<\/li>\n<\/ol>\n<p>Le label pr\u00e9voit 5 niveaux de performance allant de 1 \u00e9toile (en processus) \u00e0 5 \u00e9toiles lorsque 75% des actions du r\u00e9f\u00e9rentiel sont mises en \u0153uvre. Le label est attribu\u00e9 pour une dur\u00e9e de 4 ans et au-del\u00e0 la collectivit\u00e9 est r\u00e9-audit\u00e9e pour suivre les progr\u00e8s r\u00e9alis\u00e9s et lui permettre de conserver sa distinction.<\/p>\n<p>La CCSB a r\u00e9alis\u00e9 un pr\u00e9-diagnostic pour entrer dans ce label et s\u2019est engag\u00e9 dans la d\u00e9marche en juillet 2023 pour une labellisation fin 2024.<\/p>\n<p>[\/et_pb_text][\/et_pb_column][et_pb_column type=\u00a0\u00bb1_3&Prime; _builder_version=\u00a0\u00bb4.20.4&Prime; _module_preset=\u00a0\u00bbdefault\u00a0\u00bb global_colors_info=\u00a0\u00bb{}\u00a0\u00bb][et_pb_code module_id=\u00a0\u00bbpartager\u00a0\u00bb _builder_version=\u00a0\u00bb4.23.1&Prime; _module_preset=\u00a0\u00bbdefault\u00a0\u00bb text_orientation=\u00a0\u00bbcenter\u00a0\u00bb custom_margin=\u00a0\u00bb||10px||false|false\u00a0\u00bb custom_padding=\u00a0\u00bb||10px||false|false\u00a0\u00bb border_style_bottom=\u00a0\u00bbdotted\u00a0\u00bb global_module=\u00a0\u00bb2806&Prime; saved_tabs=\u00a0\u00bball\u00a0\u00bb locked=\u00a0\u00bboff\u00a0\u00bb global_colors_info=\u00a0\u00bb{}\u00a0\u00bb]<span class=\"partager\">Partager ce contenu<\/span><!-- [et_pb_line_break_holder] --><div class=\"heateor_sss_sharing_container heateor_sss_horizontal_sharing\" data-heateor-ss-offset=\"0\" data-heateor-sss-href='https:\/\/ricom-collectivites3.com\/ccsb\/index.php?rest_route=%2Fwp%2Fv2%2Fpages%2F489'><div class=\"heateor_sss_sharing_ul\"><a aria-label=\"Facebook\" class=\"heateor_sss_facebook\" href=\"https:\/\/www.facebook.com\/sharer\/sharer.php?u=https%3A%2F%2Fricom-collectivites3.com%2Fccsb%2Findex.php%3Frest_route%3D%252Fwp%252Fv2%252Fpages%252F489\" title=\"Facebook\" rel=\"nofollow noopener\" target=\"_blank\" style=\"font-size:32px!important;box-shadow:none;display:inline-block;vertical-align:middle\"><span class=\"heateor_sss_svg\" style=\"background-color:#0765FE;width:30px;height:30px;border-radius:999px;display:inline-block;opacity:1;float:left;font-size:32px;box-shadow:none;display:inline-block;font-size:16px;padding:0 4px;vertical-align:middle;background-repeat:repeat;overflow:hidden;padding:0;cursor:pointer;box-sizing:content-box\"><svg style=\"display:block;border-radius:999px;\" focusable=\"false\" aria-hidden=\"true\" xmlns=\"http:\/\/www.w3.org\/2000\/svg\" width=\"100%\" height=\"100%\" viewBox=\"0 0 32 32\"><path fill=\"#fff\" d=\"M28 16c0-6.627-5.373-12-12-12S4 9.373 4 16c0 5.628 3.875 10.35 9.101 11.647v-7.98h-2.474V16H13.1v-1.58c0-4.085 1.849-5.978 5.859-5.978.76 0 2.072.15 2.608.298v3.325c-.283-.03-.775-.045-1.386-.045-1.967 0-2.728.745-2.728 2.683V16h3.92l-.673 3.667h-3.247v8.245C23.395 27.195 28 22.135 28 16Z\"><\/path><\/svg><\/span><\/a><a aria-label=\"Linkedin\" class=\"heateor_sss_button_linkedin\" href=\"https:\/\/www.linkedin.com\/sharing\/share-offsite\/?url=https%3A%2F%2Fricom-collectivites3.com%2Fccsb%2Findex.php%3Frest_route%3D%252Fwp%252Fv2%252Fpages%252F489\" title=\"Linkedin\" rel=\"nofollow noopener\" target=\"_blank\" style=\"font-size:32px!important;box-shadow:none;display:inline-block;vertical-align:middle\"><span class=\"heateor_sss_svg heateor_sss_s__default heateor_sss_s_linkedin\" style=\"background-color:#0077b5;width:30px;height:30px;border-radius:999px;display:inline-block;opacity:1;float:left;font-size:32px;box-shadow:none;display:inline-block;font-size:16px;padding:0 4px;vertical-align:middle;background-repeat:repeat;overflow:hidden;padding:0;cursor:pointer;box-sizing:content-box\"><svg style=\"display:block;border-radius:999px;\" focusable=\"false\" aria-hidden=\"true\" xmlns=\"http:\/\/www.w3.org\/2000\/svg\" width=\"100%\" height=\"100%\" viewBox=\"0 0 32 32\"><path d=\"M6.227 12.61h4.19v13.48h-4.19V12.61zm2.095-6.7a2.43 2.43 0 0 1 0 4.86c-1.344 0-2.428-1.09-2.428-2.43s1.084-2.43 2.428-2.43m4.72 6.7h4.02v1.84h.058c.56-1.058 1.927-2.176 3.965-2.176 4.238 0 5.02 2.792 5.02 6.42v7.395h-4.183v-6.56c0-1.564-.03-3.574-2.178-3.574-2.18 0-2.514 1.7-2.514 3.46v6.668h-4.187V12.61z\" fill=\"#fff\"><\/path><\/svg><\/span><\/a><a aria-label=\"Whatsapp\" class=\"heateor_sss_whatsapp\" href=\"https:\/\/api.whatsapp.com\/send?text=Plan%20d%27actions%20https%3A%2F%2Fricom-collectivites3.com%2Fccsb%2Findex.php%3Frest_route%3D%252Fwp%252Fv2%252Fpages%252F489\" title=\"Whatsapp\" rel=\"nofollow noopener\" target=\"_blank\" style=\"font-size:32px!important;box-shadow:none;display:inline-block;vertical-align:middle\"><span class=\"heateor_sss_svg\" style=\"background-color:#55eb4c;width:30px;height:30px;border-radius:999px;display:inline-block;opacity:1;float:left;font-size:32px;box-shadow:none;display:inline-block;font-size:16px;padding:0 4px;vertical-align:middle;background-repeat:repeat;overflow:hidden;padding:0;cursor:pointer;box-sizing:content-box\"><svg style=\"display:block;border-radius:999px;\" focusable=\"false\" aria-hidden=\"true\" xmlns=\"http:\/\/www.w3.org\/2000\/svg\" width=\"100%\" height=\"100%\" viewBox=\"-6 -5 40 40\"><path class=\"heateor_sss_svg_stroke heateor_sss_no_fill\" stroke=\"#fff\" stroke-width=\"2\" fill=\"none\" d=\"M 11.579798566743314 24.396926207859085 A 10 10 0 1 0 6.808479557110079 20.73576436351046\"><\/path><path d=\"M 7 19 l -1 6 l 6 -1\" class=\"heateor_sss_no_fill heateor_sss_svg_stroke\" stroke=\"#fff\" stroke-width=\"2\" fill=\"none\"><\/path><path d=\"M 10 10 q -1 8 8 11 c 5 -1 0 -6 -1 -3 q -4 -3 -5 -5 c 4 -2 -1 -5 -1 -4\" fill=\"#fff\"><\/path><\/svg><\/span><\/a><a aria-label=\"Instagram\" class=\"heateor_sss_button_instagram\" href=\"https:\/\/www.instagram.com\/\" title=\"Instagram\" rel=\"nofollow noopener\" target=\"_blank\" style=\"font-size:32px!important;box-shadow:none;display:inline-block;vertical-align:middle\"><span class=\"heateor_sss_svg\" style=\"background-color:#53beee;width:30px;height:30px;border-radius:999px;display:inline-block;opacity:1;float:left;font-size:32px;box-shadow:none;display:inline-block;font-size:16px;padding:0 4px;vertical-align:middle;background-repeat:repeat;overflow:hidden;padding:0;cursor:pointer;box-sizing:content-box\"><svg style=\"display:block;border-radius:999px;\" version=\"1.1\" viewBox=\"-10 -10 148 148\" width=\"100%\" height=\"100%\" xml:space=\"preserve\" xmlns=\"http:\/\/www.w3.org\/2000\/svg\" xmlns:xlink=\"http:\/\/www.w3.org\/1999\/xlink\"><g><g><path d=\"M86,112H42c-14.336,0-26-11.663-26-26V42c0-14.337,11.664-26,26-26h44c14.337,0,26,11.663,26,26v44 C112,100.337,100.337,112,86,112z M42,24c-9.925,0-18,8.074-18,18v44c0,9.925,8.075,18,18,18h44c9.926,0,18-8.075,18-18V42 c0-9.926-8.074-18-18-18H42z\" fill=\"#fff\"><\/path><\/g><g><path d=\"M64,88c-13.234,0-24-10.767-24-24c0-13.234,10.766-24,24-24s24,10.766,24,24C88,77.233,77.234,88,64,88z M64,48c-8.822,0-16,7.178-16,16s7.178,16,16,16c8.822,0,16-7.178,16-16S72.822,48,64,48z\" fill=\"#fff\"><\/path><\/g><g><circle cx=\"89.5\" cy=\"38.5\" fill=\"#fff\" r=\"5.5\"><\/circle><\/g><\/g><\/svg><\/span><\/a><a aria-label=\"X\" class=\"heateor_sss_button_x\" href=\"https:\/\/twitter.com\/intent\/tweet?text=Plan%20d%27actions&url=https%3A%2F%2Fricom-collectivites3.com%2Fccsb%2Findex.php%3Frest_route%3D%252Fwp%252Fv2%252Fpages%252F489\" title=\"X\" rel=\"nofollow noopener\" target=\"_blank\" style=\"font-size:32px!important;box-shadow:none;display:inline-block;vertical-align:middle\"><span class=\"heateor_sss_svg heateor_sss_s__default heateor_sss_s_x\" style=\"background-color:#2a2a2a;width:30px;height:30px;border-radius:999px;display:inline-block;opacity:1;float:left;font-size:32px;box-shadow:none;display:inline-block;font-size:16px;padding:0 4px;vertical-align:middle;background-repeat:repeat;overflow:hidden;padding:0;cursor:pointer;box-sizing:content-box\"><svg width=\"100%\" height=\"100%\" style=\"display:block;border-radius:999px;\" focusable=\"false\" aria-hidden=\"true\" xmlns=\"http:\/\/www.w3.org\/2000\/svg\" viewBox=\"0 0 32 32\"><path fill=\"#fff\" d=\"M21.751 7h3.067l-6.7 7.658L26 25.078h-6.172l-4.833-6.32-5.531 6.32h-3.07l7.167-8.19L6 7h6.328l4.37 5.777L21.75 7Zm-1.076 16.242h1.7L11.404 8.74H9.58l11.094 14.503Z\"><\/path><\/svg><\/span><\/a><a aria-label=\"Print\" class=\"heateor_sss_button_print\" href=\"https:\/\/ricom-collectivites3.com\/ccsb\/index.php?rest_route=%2Fwp%2Fv2%2Fpages%2F489\" onclick=\"event.preventDefault();window.print()\" title=\"Print\" rel=\"noopener\" style=\"font-size:32px!important;box-shadow:none;display:inline-block;vertical-align:middle\"><span class=\"heateor_sss_svg heateor_sss_s__default heateor_sss_s_print\" style=\"background-color:#fd6500;width:30px;height:30px;border-radius:999px;display:inline-block;opacity:1;float:left;font-size:32px;box-shadow:none;display:inline-block;font-size:16px;padding:0 4px;vertical-align:middle;background-repeat:repeat;overflow:hidden;padding:0;cursor:pointer;box-sizing:content-box\"><svg style=\"display:block;border-radius:999px;\" focusable=\"false\" aria-hidden=\"true\" xmlns=\"http:\/\/www.w3.org\/2000\/svg\" width=\"100%\" height=\"100%\" viewBox=\"-2.8 -4.5 35 35\"><path stroke=\"#fff\" class=\"heateor_sss_svg_stroke\" d=\"M 7 10 h 2 v 3 h 12 v -3 h 2 v 7 h -2 v -3 h -12 v 3 h -2 z\" stroke-width=\"1\" fill=\"#fff\"><\/path><rect class=\"heateor_sss_no_fill heateor_sss_svg_stroke\" stroke=\"#fff\" stroke-width=\"1.8\" height=\"7\" width=\"10\" x=\"10\" y=\"5\" fill=\"none\"><\/rect><rect class=\"heateor_sss_svg_stroke\" stroke=\"#fff\" stroke-width=\"1\" height=\"5\" width=\"8\" x=\"11\" y=\"16\" fill=\"#fff\"><\/rect><\/svg><\/span><\/a><\/div><div class=\"heateorSssClear\"><\/div><\/div>[\/et_pb_code][et_pb_text admin_label=\u00a0\u00bbBloc de t\u00e9l\u00e9chargement\u00a0\u00bb module_class=\u00a0\u00bbtelechargement\u00a0\u00bb _builder_version=\u00a0\u00bb4.24.0&Prime; _module_preset=\u00a0\u00bbdefault\u00a0\u00bb background_enable_color=\u00a0\u00bboff\u00a0\u00bb background_enable_image=\u00a0\u00bboff\u00a0\u00bb background_size=\u00a0\u00bbinitial\u00a0\u00bb background_position=\u00a0\u00bbtop_left\u00a0\u00bb custom_padding=\u00a0\u00bb0px|20px|20px|20px|false|true\u00a0\u00bb hover_enabled=\u00a0\u00bb0&Prime; global_colors_info=\u00a0\u00bb{}\u00a0\u00bb sticky_enabled=\u00a0\u00bb0&Prime;]<\/p>\n<p><span class=\"tt_tel\">Documents<br \/><strong>\u00e0 t\u00e9l\u00e9charger<\/strong><\/span><\/p>\n<ul>\n<li><a href=\"https:\/\/ricom-collectivites3.com\/ccsb\/wp-content\/uploads\/2023\/12\/CCSB_PCAET_Plan-dactions_VF.pdf\">PCAET Plan d&rsquo;actions<\/a><\/li>\n<li><a href=\"https:\/\/ricom-collectivites3.com\/ccsb\/wp-content\/uploads\/2023\/12\/CCSB_PCAET_Livret-de-concertation_VF.pdf\">PCAET Livret de concertation<\/a><\/li>\n<li><a href=\"https:\/\/ricom-collectivites3.com\/ccsb\/wp-content\/uploads\/2023\/12\/CCSB_PCAET_Synthese.pdf\">PCAET Synth\u00e8se<\/a><\/li>\n<li><a href=\"https:\/\/ricom-collectivites3.com\/ccsb\/wp-content\/uploads\/2023\/12\/CCSB_PCAET_EES_Resume-non-technique.pdf\">PCAET Resume non technique<\/a><\/li>\n<li><a href=\"https:\/\/ricom-collectivites3.com\/ccsb\/wp-content\/uploads\/2023\/12\/CCSB_PCAET_EES_Rapport-environnemental.pdf\">PCAET Rapport environnemental<\/a><\/li>\n<li><a href=\"https:\/\/ricom-collectivites3.com\/ccsb\/wp-content\/uploads\/2023\/12\/CCSB_PCAET_Strategie_VF.pdf\">PCAET Strat\u00e9gie<\/a><\/li>\n<li><a href=\"https:\/\/ricom-collectivites3.com\/ccsb\/wp-content\/uploads\/2023\/12\/CCSB_PCAET_Diagnostic_VF.pdf\">PCAET Diagnostic<\/a><\/li>\n<\/ul>\n<ul><\/ul>\n<p>[\/et_pb_text][et_pb_text admin_label=\u00a0\u00bbBloc contact\u00a0\u00bb module_class=\u00a0\u00bbsidebar_contact\u00a0\u00bb _builder_version=\u00a0\u00bb4.23.4&Prime; _module_preset=\u00a0\u00bbdefault\u00a0\u00bb text_font=\u00a0\u00bb||||||||\u00a0\u00bb text_font_size=\u00a0\u00bb1.1em\u00a0\u00bb text_line_height=\u00a0\u00bb1.3em\u00a0\u00bb header_4_font=\u00a0\u00bb|800|||||||\u00a0\u00bb background_color=\u00a0\u00bb#FFFFFF\u00a0\u00bb custom_padding=\u00a0\u00bb0px|30px|17px|30px|false|true\u00a0\u00bb border_width_all=\u00a0\u00bb1px\u00a0\u00bb border_style_all=\u00a0\u00bbdotted\u00a0\u00bb locked=\u00a0\u00bboff\u00a0\u00bb global_colors_info=\u00a0\u00bb{}\u00a0\u00bb]<\/p>\n<h3>Votre<br \/><strong>Contact<\/strong><\/h3>\n<p>&nbsp;<\/p>\n<p><strong><span class=\"contact_service\">P\u00f4le Am\u00e9nagement et d\u00e9veloppement durables<\/span><\/strong><br \/><span class=\"contact_adresse\">105, rue de la R\u00e9publique<br \/>69220 Belleville-en-Beaujolais<\/span><\/p>\n<p><span class=\"contact_telephone\">04 74 66 35 98<\/span><br \/><span class=\"contact_mail\"><a href=\"mailto:contact@ccsb-saonebeaujolais.fr\">contact@ccsb-saonebeaujolais.fr<\/a><\/span><\/p>\n<p>[\/et_pb_text][\/et_pb_column][\/et_pb_row][\/et_pb_section]<\/p>\n","protected":false},"excerpt":{"rendered":"<p>&nbsp; La politique d\u00e9veloppement durable climat-air-\u00e9nergie de la CCSB, c\u2019est une strat\u00e9gie climat-air \u00e0 \u00e9nergie positive volontaire et ambitieuse (-27% de consommations \u00e9nerg\u00e9tiques, -39% d\u2019\u00e9mission de gaz \u00e0 effet, multiplication par 4 de la production d\u2019\u00e9nergie d\u2019origine renouvelable d\u2019ici 2030) autour de deux documents programmatiques : le Territoire \u00e0 Energie Positive (TEPos) et le Plan [&hellip;]<\/p>\n","protected":false},"author":1,"featured_media":0,"parent":301,"menu_order":0,"comment_status":"open","ping_status":"closed","template":"","meta":{"_acf_changed":false,"_et_pb_use_builder":"on","_et_pb_old_content":"","_et_gb_content_width":"","_relevanssi_hide_post":"","_relevanssi_hide_content":"","_relevanssi_pin_for_all":"","_relevanssi_pin_keywords":"","_relevanssi_unpin_keywords":"","_relevanssi_related_keywords":"","_relevanssi_related_include_ids":"","_relevanssi_related_exclude_ids":"","_relevanssi_related_no_append":"","_relevanssi_related_not_related":"","_relevanssi_related_posts":"","_relevanssi_noindex_reason":"","footnotes":""},"class_list":["post-489","page","type-page","status-publish","hentry"],"acf":[],"_links":{"self":[{"href":"https:\/\/ricom-collectivites3.com\/ccsb\/index.php?rest_route=\/wp\/v2\/pages\/489","targetHints":{"allow":["GET"]}}],"collection":[{"href":"https:\/\/ricom-collectivites3.com\/ccsb\/index.php?rest_route=\/wp\/v2\/pages"}],"about":[{"href":"https:\/\/ricom-collectivites3.com\/ccsb\/index.php?rest_route=\/wp\/v2\/types\/page"}],"author":[{"embeddable":true,"href":"https:\/\/ricom-collectivites3.com\/ccsb\/index.php?rest_route=\/wp\/v2\/users\/1"}],"replies":[{"embeddable":true,"href":"https:\/\/ricom-collectivites3.com\/ccsb\/index.php?rest_route=%2Fwp%2Fv2%2Fcomments&post=489"}],"version-history":[{"count":19,"href":"https:\/\/ricom-collectivites3.com\/ccsb\/index.php?rest_route=\/wp\/v2\/pages\/489\/revisions"}],"predecessor-version":[{"id":4425,"href":"https:\/\/ricom-collectivites3.com\/ccsb\/index.php?rest_route=\/wp\/v2\/pages\/489\/revisions\/4425"}],"up":[{"embeddable":true,"href":"https:\/\/ricom-collectivites3.com\/ccsb\/index.php?rest_route=\/wp\/v2\/pages\/301"}],"wp:attachment":[{"href":"https:\/\/ricom-collectivites3.com\/ccsb\/index.php?rest_route=%2Fwp%2Fv2%2Fmedia&parent=489"}],"curies":[{"name":"wp","href":"https:\/\/api.w.org\/{rel}","templated":true}]}}