{"id":3883,"date":"2024-01-16T13:02:19","date_gmt":"2024-01-16T13:02:19","guid":{"rendered":"https:\/\/ricom-web7.com\/ccsb\/?page_id=3883"},"modified":"2024-02-01T07:33:32","modified_gmt":"2024-02-01T07:33:32","slug":"soleil-beaujolais","status":"publish","type":"page","link":"https:\/\/ricom-collectivites3.com\/ccsb\/?page_id=3883","title":{"rendered":"Soleil Beaujolais"},"content":{"rendered":"<p>[et_pb_section fb_built=\u00a0\u00bb1&Prime; module_class=\u00a0\u00bbfd_raye\u00a0\u00bb _builder_version=\u00a0\u00bb4.20.4&Prime; _module_preset=\u00a0\u00bbdefault\u00a0\u00bb background_enable_color=\u00a0\u00bboff\u00a0\u00bb background_image=\u00a0\u00bbhttps:\/\/ricom-collectivites3.com\/ccsb\/wp-content\/uploads\/2023\/10\/bandeau2.jpg\u00a0\u00bb custom_padding=\u00a0\u00bb62px||0px|||\u00a0\u00bb locked=\u00a0\u00bboff\u00a0\u00bb global_colors_info=\u00a0\u00bb{}\u00a0\u00bb][et_pb_row _builder_version=\u00a0\u00bb4.20.4&Prime; _module_preset=\u00a0\u00bbdefault\u00a0\u00bb background_color=\u00a0\u00bb#FFFFFF\u00a0\u00bb width=\u00a0\u00bb100%\u00a0\u00bb max_width=\u00a0\u00bb1150px\u00a0\u00bb module_alignment=\u00a0\u00bbcenter\u00a0\u00bb custom_padding=\u00a0\u00bb23px|25px|0px|25px|false|true\u00a0\u00bb global_colors_info=\u00a0\u00bb{}\u00a0\u00bb][et_pb_column type=\u00a0\u00bb4_4&Prime; _builder_version=\u00a0\u00bb4.20.4&Prime; _module_preset=\u00a0\u00bbdefault\u00a0\u00bb global_colors_info=\u00a0\u00bb{}\u00a0\u00bb][et_pb_post_title _builder_version=\u00a0\u00bb4.20.4&Prime; _module_preset=\u00a0\u00bbdefault\u00a0\u00bb locked=\u00a0\u00bbon\u00a0\u00bb global_colors_info=\u00a0\u00bb{}\u00a0\u00bb][\/et_pb_post_title][\/et_pb_column][\/et_pb_row][\/et_pb_section][et_pb_section fb_built=\u00a0\u00bb1&Prime; _builder_version=\u00a0\u00bb4.20.4&Prime; _module_preset=\u00a0\u00bbdefault\u00a0\u00bb custom_padding=\u00a0\u00bb28px|||||\u00a0\u00bb global_colors_info=\u00a0\u00bb{}\u00a0\u00bb][et_pb_row column_structure=\u00a0\u00bb2_3,1_3&Prime; use_custom_gutter=\u00a0\u00bbon\u00a0\u00bb gutter_width=\u00a0\u00bb2&Prime; _builder_version=\u00a0\u00bb4.23.4&Prime; _module_preset=\u00a0\u00bbdefault\u00a0\u00bb width=\u00a0\u00bb100%\u00a0\u00bb max_width=\u00a0\u00bb1100px\u00a0\u00bb custom_padding=\u00a0\u00bb0px|||||\u00a0\u00bb global_colors_info=\u00a0\u00bb{}\u00a0\u00bb][et_pb_column type=\u00a0\u00bb2_3&Prime; _builder_version=\u00a0\u00bb4.20.4&Prime; _module_preset=\u00a0\u00bbdefault\u00a0\u00bb global_colors_info=\u00a0\u00bb{}\u00a0\u00bb][et_pb_text admin_label=\u00a0\u00bbCorps de texte\u00a0\u00bb _builder_version=\u00a0\u00bb4.24.0&Prime; _module_preset=\u00a0\u00bbdefault\u00a0\u00bb hover_enabled=\u00a0\u00bb0&Prime; locked=\u00a0\u00bboff\u00a0\u00bb global_colors_info=\u00a0\u00bb{}\u00a0\u00bb sticky_enabled=\u00a0\u00bb0&Prime;]<\/p>\n<h2>Le collectif Soleil Beaujolais<\/h2>\n<p>Soleil Beaujolais est un collectif citoyens du Beaujolais qui s\u2019est constitu\u00e9 en association en 2020 et en soci\u00e9t\u00e9 en 2021 suite \u00e0 des r\u00e9unions publiques organis\u00e9es par la CCSB.<\/p>\n<p>Soleil Beaujolais est un\u00a0<strong>projet citoyen<\/strong>\u00a0qui porte l\u2019ambition d\u2019<strong>informer<\/strong>\u00a0et de\u00a0<strong>sensibiliser<\/strong>\u00a0un large public du\u00a0<strong>Beaujolais\u00a0<\/strong>sur la\u00a0<strong>transition \u00e9nerg\u00e9tique et<\/strong> d\u2019agir pour le d\u00e9veloppement des \u00e9nergies renouvelables.<strong>\u00a0<\/strong><\/p>\n<p>La SAS Soleil Beaujolais a pour objectif la production d\u2019\u00e9lectricit\u00e9 photovolta\u00efque. Elle fonctionne selon les principes de l\u2019Economie Sociale et Solidaire (ESS). Elle est compos\u00e9e de 4 coll\u00e8ges d\u2019Actionnaires (Fondateurs \u2013 Collectivit\u00e9s Territoriales \u2013 Citoyens \u2013 Personnes Morales Partenaires). La CCSB est actionnaire de cette SAS et est repr\u00e9sent\u00e9e au Conseil de Gestion.<strong>\u00a0<\/strong><\/p>\n<h2><strong>Les 3 principales missions de Soleil Beaujolais sont de\u00a0:<\/strong><\/h2>\n<h3>Sensibiliser aux enjeux de transition \u00e9nerg\u00e9tique<\/h3>\n<p>Acc\u00e9l\u00e9rer et faciliter la prise de conscience de chacun notamment chez les plus jeunes. Faire \u00e9merger des actions durables et citoyennes dans le domaine de l\u2019\u00e9nergie.<\/p>\n<h3>Accompagner les particuliers dans leur projet photovolta\u00efque<\/h3>\n<ul><\/ul>\n<p>Donner du sens et de la valeur \u00e0 un projet solaire photovolta\u00efque particulier.<\/p>\n<h3>Produire de l\u2019\u00e9nergie solaire photovolta\u00efque<\/h3>\n<p>Porter des projets et des investissements pour acc\u00e9l\u00e9rer la production d\u2019\u00e9nergie photovolta\u00efque locale.<\/p>\n<h2>Le principe\u00a0:<\/h2>\n<p>La SAS Soleil Beaujolais installe des toitures photovolta\u00efques sur des b\u00e2timents publics ou priv\u00e9s. Le propri\u00e9taire de la toiture met son toit \u00e0 disposition de la soci\u00e9t\u00e9 pendant 25 ans en contrepartie d\u2019un loyer. Soleil Beaujolais investit et exploite la toiture pendant toute la dur\u00e9e de la convention. L\u2019\u00e9lectricit\u00e9 est vendue \u00e0 EDF Obligation d\u2019Achat.<\/p>\n<p><iframe loading=\"lazy\" title=\"Soleil Beaujolais\" width=\"1080\" height=\"608\" src=\"https:\/\/www.youtube.com\/embed\/sBFLE7qyL7g?feature=oembed\"  allow=\"accelerometer; autoplay; clipboard-write; encrypted-media; gyroscope; picture-in-picture; web-share\" allowfullscreen><\/iframe><\/p>\n<p><a href=\"https:\/\/www.youtube.com\/watch?si=6mE5w9zNWY6c0wD-&amp;embeds_referring_euri=https%3A%2F%2Fsoleilbeaujolais.fr%2F&amp;source_ve_path=Mjg2NjQsMTY0NTA2&amp;feature=emb_share&amp;v=sBFLE7qyL7g\"><\/a><\/p>\n<p>[\/et_pb_text][et_pb_code _builder_version=\u00a0\u00bb4.23.1&Prime; _module_preset=\u00a0\u00bbdefault\u00a0\u00bb global_colors_info=\u00a0\u00bb{}\u00a0\u00bb][\/et_pb_code][\/et_pb_column][et_pb_column type=\u00a0\u00bb1_3&Prime; _builder_version=\u00a0\u00bb4.20.4&Prime; _module_preset=\u00a0\u00bbdefault\u00a0\u00bb global_colors_info=\u00a0\u00bb{}\u00a0\u00bb][et_pb_image src=\u00a0\u00bbhttps:\/\/ricom-collectivites3.com\/ccsb\/wp-content\/uploads\/2024\/02\/soleilbeaujolais.jpg\u00a0\u00bb _builder_version=\u00a0\u00bb4.24.0&Prime; _module_preset=\u00a0\u00bbdefault\u00a0\u00bb hover_enabled=\u00a0\u00bb0&Prime; sticky_enabled=\u00a0\u00bb0&Prime; title_text=\u00a0\u00bbsoleilbeaujolais\u00a0\u00bb][\/et_pb_image][et_pb_text admin_label=\u00a0\u00bbBloc contact\u00a0\u00bb module_class=\u00a0\u00bbsidebar_contact\u00a0\u00bb _builder_version=\u00a0\u00bb4.23.1&Prime; _module_preset=\u00a0\u00bbdefault\u00a0\u00bb text_font=\u00a0\u00bb||||||||\u00a0\u00bb text_font_size=\u00a0\u00bb1.1em\u00a0\u00bb text_line_height=\u00a0\u00bb1.3em\u00a0\u00bb header_4_font=\u00a0\u00bb|800|||||||\u00a0\u00bb background_color=\u00a0\u00bb#FFFFFF\u00a0\u00bb custom_padding=\u00a0\u00bb0px|7px|17px|30px|false|false\u00a0\u00bb border_width_all=\u00a0\u00bb1px\u00a0\u00bb border_style_all=\u00a0\u00bbdotted\u00a0\u00bb locked=\u00a0\u00bboff\u00a0\u00bb global_colors_info=\u00a0\u00bb{}\u00a0\u00bb]<\/p>\n<h3>Votre<br \/><strong>Contact<\/strong><\/h3>\n<p>&nbsp;<\/p>\n<p><strong><span class=\"contact_service\">Soleil Beaujolais<br \/><\/span><\/strong><\/p>\n<p><span class=\"contact_telephone\">04 74 68 26 49<\/span><br \/><a href=\"mailto:contact@soleilbeaujolais.fr\" class=\"contact_mail\">contact@soleilbeaujolais.fr<\/a><\/p>\n<p><span class=\"contact_web\"><a href=\"https:\/\/soleilbeaujolais.fr\/\">soleilbeaujolais.fr<\/a><\/span><br \/><span class=\"contact_web\"><a href=\"https:\/\/www.facebook.com\/SoleilBeaujolais\">facebook.com\/SoleilBeaujolais<\/a><\/span><\/p>\n<p>[\/et_pb_text][\/et_pb_column][\/et_pb_row][\/et_pb_section]<\/p>\n","protected":false},"excerpt":{"rendered":"<p>Le collectif Soleil Beaujolais Soleil Beaujolais est un collectif citoyens du Beaujolais qui s\u2019est constitu\u00e9 en association en 2020 et en soci\u00e9t\u00e9 en 2021 suite \u00e0 des r\u00e9unions publiques organis\u00e9es par la CCSB. Soleil Beaujolais est un\u00a0projet citoyen\u00a0qui porte l\u2019ambition d\u2019informer\u00a0et de\u00a0sensibiliser\u00a0un large public du\u00a0Beaujolais\u00a0sur la\u00a0transition \u00e9nerg\u00e9tique et d\u2019agir pour le d\u00e9veloppement des \u00e9nergies renouvelables.\u00a0 [&hellip;]<\/p>\n","protected":false},"author":2,"featured_media":0,"parent":301,"menu_order":0,"comment_status":"open","ping_status":"open","template":"","meta":{"_acf_changed":false,"_et_pb_use_builder":"on","_et_pb_old_content":"","_et_gb_content_width":"","_relevanssi_hide_post":"","_relevanssi_hide_content":"","_relevanssi_pin_for_all":"","_relevanssi_pin_keywords":"","_relevanssi_unpin_keywords":"","_relevanssi_related_keywords":"","_relevanssi_related_include_ids":"","_relevanssi_related_exclude_ids":"","_relevanssi_related_no_append":"","_relevanssi_related_not_related":"","_relevanssi_related_posts":"","_relevanssi_noindex_reason":"","footnotes":""},"class_list":["post-3883","page","type-page","status-publish","hentry"],"acf":[],"_links":{"self":[{"href":"https:\/\/ricom-collectivites3.com\/ccsb\/index.php?rest_route=\/wp\/v2\/pages\/3883","targetHints":{"allow":["GET"]}}],"collection":[{"href":"https:\/\/ricom-collectivites3.com\/ccsb\/index.php?rest_route=\/wp\/v2\/pages"}],"about":[{"href":"https:\/\/ricom-collectivites3.com\/ccsb\/index.php?rest_route=\/wp\/v2\/types\/page"}],"author":[{"embeddable":true,"href":"https:\/\/ricom-collectivites3.com\/ccsb\/index.php?rest_route=\/wp\/v2\/users\/2"}],"replies":[{"embeddable":true,"href":"https:\/\/ricom-collectivites3.com\/ccsb\/index.php?rest_route=%2Fwp%2Fv2%2Fcomments&post=3883"}],"version-history":[{"count":6,"href":"https:\/\/ricom-collectivites3.com\/ccsb\/index.php?rest_route=\/wp\/v2\/pages\/3883\/revisions"}],"predecessor-version":[{"id":4420,"href":"https:\/\/ricom-collectivites3.com\/ccsb\/index.php?rest_route=\/wp\/v2\/pages\/3883\/revisions\/4420"}],"up":[{"embeddable":true,"href":"https:\/\/ricom-collectivites3.com\/ccsb\/index.php?rest_route=\/wp\/v2\/pages\/301"}],"wp:attachment":[{"href":"https:\/\/ricom-collectivites3.com\/ccsb\/index.php?rest_route=%2Fwp%2Fv2%2Fmedia&parent=3883"}],"curies":[{"name":"wp","href":"https:\/\/api.w.org\/{rel}","templated":true}]}}